{"id":10,"date":"2010-04-07T11:51:52","date_gmt":"2010-04-07T10:51:52","guid":{"rendered":"http:\/\/www.katz-mannheim.de\/?page_id=10"},"modified":"2018-01-13T09:57:16","modified_gmt":"2018-01-13T08:57:16","slug":"impressum","status":"publish","type":"page","link":"http:\/\/www.katz-mannheim.de\/?page_id=10","title":{"rendered":"Impressum"},"content":{"rendered":"<p><strong>Katz Einrichtungshaus GmbH<\/strong><\/p>\n<p>Offenburger Stra\u00dfe 20<\/p>\n<p>\u00a0<\/p>\n<p>68 239 Mannheim<\/p>\n<p>\u00a0<\/p>\n<p>Telefon:  +49 621 47 60 11<\/p>\n<p>\u00a0<\/p>\n<p>E-Mail: vasic@katz-mannheim.de<\/p>\n<p>Internet*: www.katz-mannheim.de<\/p>\n<p>\u00a0<\/p>\n<p>Vertretungsberechtigter Gesch\u00e4ftsf\u00fchrer**: Roswitha Appel \/p> <\/p>\n<p>Registergericht: Amtsgericht MA HRB 3057<\/p>\n<p>Umsatzsteuer-Identifikationsnummer gem\u00e4\u00df \u00a7 27 a Umsatzsteuergesetz: 37 002 31606<\/p>\n<p>Wirtschafts-Identifikationsnummer gem\u00e4\u00df \u00a7 139c Abgabenordnung: DE 143 876 724<\/p>\n<p>\u00a0<\/p>\n<p>Haftungshinweis: Trotz sorgf\u00e4ltiger inhaltlicher Kontrolle \u00fcbernehmen wir keine Haftung f\u00fcr die Inhalte externer Links. F\u00fcr den Inhalt der verlinkten Seiten sind ausschlie\u00dflich deren Betreiber verantwortlich.<\/p>\n","protected":false},"excerpt":{"rendered":"<p>Katz Einrichtungshaus GmbH Offenburger Stra\u00dfe 20 \u00a0 68 239 Mannheim \u00a0 Telefon: +49 621 47 60 11 \u00a0 E-Mail: vasic@katz-mannheim.de Internet*: www.katz-mannheim.de \u00a0 Vertretungsberechtigter Gesch\u00e4ftsf\u00fchrer**: Roswitha Appel \/p> Registergericht: Amtsgericht MA HRB 3057 Umsatzsteuer-Identifikationsnummer gem\u00e4\u00df \u00a7 27 a Umsatzsteuergesetz: 37 002 31606 Wirtschafts-Identifikationsnummer gem\u00e4\u00df \u00a7 139c Abgabenordnung: DE 143 876 724 \u00a0 Haftungshinweis: Trotz sorgf\u00e4ltiger [&hellip;]<\/p>\n","protected":false},"author":1,"featured_media":0,"parent":0,"menu_order":0,"comment_status":"closed","ping_status":"closed","template":"","meta":{"ngg_post_thumbnail":0,"footnotes":""},"class_list":["post-10","page","type-page","status-publish","hentry"],"_links":{"self":[{"href":"http:\/\/www.katz-mannheim.de\/index.php?rest_route=\/wp\/v2\/pages\/10","targetHints":{"allow":["GET"]}}],"collection":[{"href":"http:\/\/www.katz-mannheim.de\/index.php?rest_route=\/wp\/v2\/pages"}],"about":[{"href":"http:\/\/www.katz-mannheim.de\/index.php?rest_route=\/wp\/v2\/types\/page"}],"author":[{"embeddable":true,"href":"http:\/\/www.katz-mannheim.de\/index.php?rest_route=\/wp\/v2\/users\/1"}],"replies":[{"embeddable":true,"href":"http:\/\/www.katz-mannheim.de\/index.php?rest_route=%2Fwp%2Fv2%2Fcomments&post=10"}],"version-history":[{"count":16,"href":"http:\/\/www.katz-mannheim.de\/index.php?rest_route=\/wp\/v2\/pages\/10\/revisions"}],"predecessor-version":[{"id":11611,"href":"http:\/\/www.katz-mannheim.de\/index.php?rest_route=\/wp\/v2\/pages\/10\/revisions\/11611"}],"wp:attachment":[{"href":"http:\/\/www.katz-mannheim.de\/index.php?rest_route=%2Fwp%2Fv2%2Fmedia&parent=10"}],"curies":[{"name":"wp","href":"https:\/\/api.w.org\/{rel}","templated":true}]}}